+ 8. Let r be k(-6). Suppose 3*q = q + 12. What are the prime factors of 3/(r/q*3)?
3
Let b(r) = -4*r + r**3 + 2*r + 2 + 6*r**2 + 0. What are the prime factors of b(-6)?
2, 7
Let f = -11 - -13. What are the prime factors of f?
2
Let f be (8/(-3))/(6/45). Let s = f - -29. Suppose 0 = -3*u + 2*u + s. What are the prime factors of u?
3
Suppose 33 + 10 = x. What are the prime factors of x?
43
Let g = -18 + 21. Suppose 2*o - g*o = -23. List the prime factors of o.
23
Suppose 0 = 21*b - 22*b + 106. What are the prime factors of b?
2, 53
Let z(y) be the third derivative of -y**6/120 + y**5/60 + y**4/24 + 41*y**3/6 - 2*y**2. List the prime factors of z(0).
41
Suppose 0 = -4*t - 3*i + i + 26, 5*i - 9 = 4*t. Let u(b) = b**3 - 4*b**2 + 5*b - 2. List the prime factors of u(t).
2, 3
Suppose k = 56 - 8. What are the prime factors of k?
2, 3
Let c = -57 - -83. Suppose c - 1 = -4*g - 3*j, j - 1 = 0. Let a(x) = x**2 + 6*x. List the prime factors of a(g).
7
List the prime factors of ((-46)/6)/((-4)/60).
5, 23
List the prime factors of (-7 - -6) + 138/3.
3, 5
Let g(x) be the second derivative of 1/2*x**2 + 0 + 1/4*x**4 - 2*x - 1/6*x**3. List the prime factors of g(-2).
3, 5
Let d(y) = 9*y**2 + 4*y - 3. What are the prime factors of d(3)?
2, 3, 5
Let v(g) = -g**2 - 4 + 6*g - 2*g + 0*g**2. Let h be v(3). List the prime factors of 2 - ((-1)/h + -3).
2
Let u be 0 + (2 + 0 - -3). Let l be -3*(1 - 28/6). Suppose -4 = -u*j + l. List the prime factors of j.
3
Let d = 262 - 146. List the prime factors of d.
2, 29
Let x(d) = d**3 - 6*d**2 + 3*d + 1. Let n be x(5). Let t(p) = -3*p - 14. List the prime factors of t(n).
13
Let v be 1*-2*41 - 4. Let o = v - -121. List the prime factors of o.
5, 7
Let l(y) = -y**2 - 6*y - 3. Let q be l(-5). Let m(r) = 2*r - 3*r + q - 2*r. What are the prime factors of m(-2)?
2
Let q(x) = -4*x + 1. Let d(h) = -4*h**3 + h**2 - h - 1. Let p be d(-1). Suppose p*w - 5*r - 15 = 0, -3*r = -5*r - 10. What are the prime factors of q(w)?
3
Let m(h) = -h**2 - 7*h - 6. Let l(q) = -q + 3. Let o be l(5). Let n(a) = -4*a**2 - 22*a - 18. Let f(i) = o*n(i) + 7*m(i). List the prime factors of f(7).
2
Suppose 4*d + d - 75 = 0. Let k(c) = -c**3 - 8*c**2 - c - 4. Let s be k(-8). Suppose -d = -7*j + s*j. What are the prime factors of j?
5
Let v = 154 + -67. What are the prime factors of v?
3, 29
Suppose i + i = 0. Suppose i*c - 120 = 4*c. Let j = -17 - c. What are the prime factors of j?
13
What are the prime factors of (13/3)/(2/6)?
13
Let d(i) = 0*i - i + 1 + 5. Let r = -32 + 26. List the prime factors of d(r).
2, 3
Suppose -3*d + 10 = -5*b + d, 0 = -5*b - 5*d - 10. Let w = b - -5. What are the prime factors of (-2 - (-14)/w)*3?
2
Suppose 768 = 3*h + 5*h. What are the prime factors of h?
2, 3
Suppose -4*o = -o + 9. Let z = o + 18. List the prime factors of z.
3, 5
Let l(y) = -y**2 + 5*y - 4. Let d be l(4). Suppose 18 = 4*m - 3*z, -2*m + m - z + 8 = d. List the prime factors of m.
2, 3
Suppose -3*c - 44 = -191. What are the prime factors of c?
7
Suppose -4*b + 67 = -53. List the prime factors of b.
2, 3, 5
Let a = -26 + 54. Suppose -y - 5*h - a = 0, 6*y - 2*y + 17 = -h. List the prime factors of (24/2)/(y/(-2)).
2
Let s = -33 + 63. List the prime factors of s.
2, 3, 5
Suppose 5*z - 26 = -c, 5 = 5*z + 2*c - 17. Let q = z - 3. What are the prime factors of q?
3
Let s(u) = -5*u**2 - 3*u - u**3 - u**2 - 3*u. Let q be s(-5). Let i = q + -1. What are the prime factors of i?
2
List the prime factors of 2/2 - (-42 - -3).
2, 5
Suppose -321 = -5*l + 389. What are the prime factors of l?
2, 71
Suppose 0*d - 158 = -2*p + 4*d, 2*d = 2*p - 152. List the prime factors of p.
73
Let m = -16 - -21. Suppose -z = -m*z + 112. List the prime factors of z.
2, 7
Suppose -2*r = -6*r. Let m = 6 - r. List the prime factors of m.
2, 3
Let c = 88 + 204. What are the prime factors of c?
2, 73
Let p(x) = x**2 - 3*x - 4. Let r be ((-12)/(-10))/(9/30). Let m be p(r). Suppose m = -2*s + 2, 0 = 3*z + s - 46. List the prime factors of z.
3, 5
Suppose 0 = 4*h - 2*h + 16. Let y = h - -44. Suppose -r + 5*r = y. What are the prime factors of r?
3
Let k(s) = -s**2 - s + 30. Let w be k(0). Suppose 8*h = 6*h + w. What are the prime factors of h?
3, 5
Let w(u) = u**3 + 2*u + 14. What are the prime factors of w(0)?
2, 7
Let m = -109 - -188. What are the prime factors of m?
79
Let g be 10/(-4)*(-24)/10. List the prime factors of (-2)/6 - (-62)/g.
2, 5
Suppose 0 = 2*u - 6 - 4. Let g = 2 + u. What are the prime factors of g?
7
Suppose 48 = 6*k - 2*k. List the prime factors of k.
2, 3
Let j(k) = -k**3 + 2*k + 2. Let i be 2/(-3) - (-8)/(-6). Let g be j(i). Suppose q + 39 = 3*v, 5*v + q - g*q = 65. List the prime factors of v.
13
Suppose 3*r + 0 = 9. Suppose 3*h = -r*j + 21, -5*j + 18 = -j + 2*h. Suppose j*l = l + 4. What are the prime factors of l?
2
Suppose -5*r = -2*t + 17 + 21, 3*t - 91 = -r. List the prime factors of t.
29
Suppose 0*f - 2 = 2*f. Let v = f - -6. Let u = 10 - v. What are the prime factors of u?
5
Let a(v) = -v - 4. Let w be a(-5). What are the prime factors of 38 + -8 - (w - 0)?
29
Let l = -31 + 83. List the prime factors of l.
2, 13
Suppose -x + 5*a = -125, -a + 68 = x - 69. What are the prime factors of x?
3, 5
Suppose 0 = -4*g + 3*c + 57, 18 = -5*c + 3. List the prime factors of 238/6 - (-4)/g.
2, 5
Let d = -4 + 7. Suppose -30 = 2*q - d*q. Suppose 0 = 3*s - q - 6. What are the prime factors of s?
2, 3
Let y(c) = -c**2 + c. Let w be y(1). Let q(x) = -x - 6. Let s be q(-10). Suppose -o + w*j + 1 = 2*j, s*o + 3*j = 29. List the prime factors of o.
11
Let k(l) = -6 + 20*l + 19*l - 35*l + l**3 - 5*l**2. List the prime factors of k(5).
2, 7
Let v be -8*1*1/(-2). Suppose 2*z + z = -v*h + 43, -2*h - 11 = -5*z. What are the prime factors of h?
7
Suppose 2*g = -0*g + 3*r + 208, -r - 2 = 0. What are the prime factors of g?
101
What are the prime factors of (0 + (-2)/1)/((-5)/655)?
2, 131
Let w = -4 + 4. Suppose w = 2*z - 7*z + 30. What are the prime factors of z?
2, 3
Suppose 123 = 5*t - d, -16 - 42 = -2*t - 4*d. Let a = t - 10. List the prime factors of a.
3, 5
Suppose -k = 5 + 1. List the prime factors of 5*3*(-5 - k).
3, 5
Suppose -a + 51 = 9. What are the prime factors of (-2)/(-2*3/a)?
2, 7
Let y(m) = -m**3 + 7*m**2 + 5*m + 4. Let v = 4 - -3. What are the prime factors of y(v)?
3, 13
Let q be (2 - 5) + 5 + -5. List the prime factors of (-18)/(11/(-3) - q).
3
Let w be (-46)/6 - (-1)/(-3). Let m(a) = a**2 + 8*a + 6. List the prime factors of m(w).
2, 3
Suppose 12 = 2*k - 12. What are the prime factors of k?
2, 3
Suppose -180 = -5*h + 2*a + 256, -4*a - 432 = -5*h. What are the prime factors of h?
2, 11
List the prime factors of 24/(-6) - (0 - 158).
2, 7, 11
Let n(j) = 2*j**2 - 2*j - 1. Let f be -3*(8/6 + -1). Let a be n(f). Let g = a - 0. List the prime factors of g.
3
What are the prime factors of (-1*28)/(-2) - -1?
3, 5
List the prime factors of (-3)/(9/(-600)) - 4/4.
199
Suppose 2*w - 66 = 2. Let o = -15 + w. List the prime factors of o.
19
Let k = 4 - 3. Let m(s) = 44*s**3 + s**2 + s - 1. Let o be m(k). Suppose -q + 6*q - o = 0. What are the prime factors of q?
3
Let g(j) = -j + 3. Let w be g(0). Suppose 10 = w*f - 5. What are the prime factors of f?
5
Suppose -289 = -3*j - 4. List the prime factors of j.
5, 19
Let b be -4 + -2 + (-3 - -9). Suppose b = z - x - 2, -5*z + x + 12 = -18. What are the prime factors of z?
7
Let r(a) = -a**2 + 3 - 6*a**2 + 7*a**2 + a**2. What are the prime factors of r(-5)?
2, 7
Let k = 47 - -32. Let w = -53 + k. What are the prime factors of w?
2, 13
Let j(c) = -c**3 - 9*c**2 + 10*c + 11. What are the prime factors of j(-10)?
11
Let i = 278 - 151. List the prime factors of i.
127
Suppose a - 65 = -3*l, 4*a - 234 = -0*a + l. What are the prime factors of a?
59
Let v = 41 - -33. Let h = -44 + v. What are the prime factors of h?
2, 3, 5
Suppose -k - 4*k + 105 = 0. Suppose -h + 2*d - 4 = -3*h, -3*h + 2*d = -k. Let y(l) = -l**2 + 8*l - 5. List the prime factors of y(h).
2, 5
Suppose 27 = -2*i + 9. Let z = i - -11. What are the prime factors of z?
2
Suppose 0 = -0*f - 3*f - 21. Let c = f - -14. List the prime factors of c.
7
Let l be -2 - 3/((-3)/4). Let r be (2/(-4))/(l/(-120)). Suppose w - 24 = -3*k, 4*w - 3*w - r = -5*k. List the prime factors of w.
3, 5
Suppose -4*o